e
Is 182 a multiple of 7?
True
Is 43 a factor of 516?
True
Is 8275 a multiple of 25?
True
Does 79 divide 20847?
False
Is 11 a factor of 17094?
True
Is 24 a factor of 23232?
True
Does 34 divide 2136?
False
Does 3 divide 119?
False
Is 476 a multiple of 31?
False
Is 27 a factor of 9828?
True
Is 840 a multiple of 42?
True
Is 12028 a multiple of 80?
False
Is 3 a factor of 867?
True
Is 136 a factor of 24361?
False
Is 11 a factor of 16135?
False
Is 223 a multiple of 10?
False
Is 12 a factor of 594?
False
Is 95 a factor of 1805?
True
Is 1627 a multiple of 107?
False
Does 21 divide 609?
True
Is 13 a factor of 18?
False
Is 15 a factor of 33856?
False
Is 51 a factor of 1222?
False
Does 3 divide 1167?
True
Is 6743 a multiple of 11?
True
Is 1752 a multiple of 4?
True
Is 1705 a multiple of 36?
False
Does 91 divide 61654?
False
Does 14 divide 2000?
False
Is 16 a factor of 1804?
False
Is 21729 a multiple of 14?
False
Does 11 divide 1540?
True
Is 695 a multiple of 8?
False
Is 17 a factor of 11647?
False
Does 59 divide 1652?
True
Is 27 a factor of 95531?
False
Does 3 divide 276?
True
Is 19 a factor of 152?
True
Does 3 divide 9376?
False
Is 85 a factor of 14620?
True
Is 34 a factor of 365?
False
Is 25760 a multiple of 80?
True
Is 35856 a multiple of 9?
True
Is 1647 a multiple of 27?
True
Is 52 a factor of 9803?
False
Does 29 divide 2117?
True
Is 7913 a multiple of 50?
False
Is 3178 a multiple of 13?
False
Does 41 divide 199?
False
Does 46 divide 36892?
True
Is 2658 a multiple of 23?
False
Is 74 a factor of 12610?
False
Is 9 a factor of 7529?
False
Is 39 a factor of 3291?
False
Is 7 a factor of 286?
False
Is 25 a factor of 317?
False
Does 16 divide 21662?
False
Does 67 divide 22088?
False
Does 28 divide 2464?
True
Is 3 a factor of 145?
False
Does 32 divide 14272?
True
Is 11 a factor of 3817?
True
Is 4368 a multiple of 12?
True
Does 3 divide 8568?
True
Is 922 a multiple of 15?
False
Does 18 divide 213?
False
Is 1153 a multiple of 33?
False
Is 17 a factor of 10608?
True
Does 85 divide 8626?
False
Does 19 divide 570?
True
Is 26003 a multiple of 153?
False
Is 104 a factor of 3016?
True
Is 30 a factor of 1088?
False
Does 156 divide 13055?
False
Does 11 divide 7649?
False
Does 25 divide 825?
True
Is 33 a factor of 1023?
True
Does 150 divide 7216?
False
Is 38 a factor of 89376?
True
Is 482 a multiple of 34?
False
Is 546 even?
True
Does 40 divide 354?
False
Does 19 divide 608?
True
Is 116 a factor of 13853?
False
Is 7903 a multiple of 7?
True
Is 16 a factor of 678?
False
Is 239 a factor of 110528?
False
Is 4 a factor of 504?
True
Does 66 divide 2904?
True
Is 572 a multiple of 4?
True
Does 167 divide 9201?
False
Does 56 divide 2968?
True
Is 16 a multiple of 4?
True
Does 73 divide 8103?
True
Does 85 divide 4573?
False
Is 65278 a multiple of 90?
False
Is 8 a factor of 248?
True
Is 17 a factor of 626?
False
Does 7 divide 523?
False
Is 1532 a multiple of 25?
False
Is 8 a factor of 537?
False
Does 4 divide 240?
True
Does 12 divide 1193?
False
Is 9 a factor of 1737?
True
Is 118 a factor of 24454?
False
Is 2508 a multiple of 53?
False
Does 8 divide 72?
True
Does 34 divide 2183?
False
Does 8 divide 33578?
False
Is 14 a factor of 98154?
True
Is 192 a multiple of 6?
True
Is 373 a multiple of 3?
False
Is 16 a factor of 12752?
True
Does 4 divide 196?
True
Is 9148 a multiple of 156?
False
Does 64 divide 1700?
False
Does 21 divide 19635?
True
Is 334 a factor of 9978?
False
Does 20 divide 130892?
False
Is 37256 a multiple of 42?
False
Is 48 a factor of 864?
True
Is 247 a multiple of 19?
True
Does 59 divide 1593?
True
Is 2263 a multiple of 73?
True
Is 86455 a multiple of 93?
False
Is 13512 a multiple of 8?
True
Is 93770 a multiple of 10?
True
Is 51 a factor of 1836?
True
Is 32 a factor of 203?
False
Is 10 a factor of 462?
False
Does 10 divide 76580?
True
Does 8 divide 52480?
True
Does 12 divide 18524?
False
Is 63 a factor of 3455?
False
Does 14 divide 1301?
False
Is 1765 a multiple of 10?
False
Does 94 divide 8339?
False
Is 2663 a multiple of 12?
False
Is 82 a factor of 65190?
True
Does 65 divide 3479?
False
Does 14 divide 574?
True
Is 12396 a multiple of 27?
False
Is 128 a multiple of 8?
True
Is 6 a factor of 145?
False
Does 56 divide 48038?
False
Is 24228 a multiple of 6?
True
Is 61 a factor of 11962?
False
Does 45 divide 945?
True
Is 1496 a multiple of 17?
True
Does 4 divide 38?
False
Is 9 a factor of 16380?
True
Is 39 a factor of 47?
False
Is 1275 a multiple of 17?
True
Is 16811 a multiple of 6?
False
Is 4 a factor of 128?
True
Does 69 divide 5763?
False
Is 3 a factor of 237?
True
Is 14099 a multiple of 75?
False
Does 15 divide 13635?
True
Is 13 a factor of 398?
False
Does 21 divide 6321?
True
Does 17 divide 2380?
True
Is 4 a factor of 87?
False
Is 16 a factor of 17415?
False
Is 5 a factor of 732?
False
Is 11 a factor of 2248?
False
Does 7 divide 24?
False
Is 76 a factor of 19989?
False
Does 39 divide 9947?
False
Is 120 a multiple of 8?
True
Is 34 a factor of 408?
True
Is 22288 a multiple of 112?
True
Is 23 a factor of 299?
True
Is 12025 a multiple of 8?
False
Does 25 divide 200?
True
Is 29 a factor of 2278?
False
Is 256 a multiple of 18?
False
Is 3614 a multiple of 26?
True
Is 25 a factor of 41850?
True
Is 3 a factor of 701?
False
Is 12 a factor of 66843?
False
Is 23 a factor of 943?
True
Is 27 a factor of 1282?
False
Is 5640 a multiple of 5?
True
Is 493 a multiple of 3?
False
Is 18112 a multiple of 16?
True
Is 9 a factor of 3112?
False
Is 18 a factor of 6248?
False
Is 4441 a multiple of 4?
False
Is 488 a multiple of 17?
False
Is 16 a factor of 96?
True
Is 27 a factor of 29567?
False
Is 26 a multiple of 2?
True
Does 12 divide 9172?
False
Is 55 a factor of 1320?
True
Is 21880 a multiple of 172?
False
Is 31 a factor of 1198?
False
Is 20065 a multiple of 53?
False
Is 3621 a multiple of 62?
False
Is 83382 a multiple of 11?
False
Is 15631 a multiple of 49?
True
Is 23 a factor of 368?
True
Is 28 a factor of 2968?
True
Is 33872 a multiple of 146?
True
Does 4 divide 350?
False
Is 11 a factor of 3564?
True
Does 74 divide 1480?
True
Is 21 a factor of 17381?
False
Is 40375 a multiple of 95?
True
Is 300 a multiple of 7?
False
Is 9007 a multiple of 17?
False
Does 13 divide 429?
True
Is 17933 a multiple of 227?
True
Is 377 a factor of 113467?
False
Is 2730 a multiple of 65?
True
Is 4 a factor of 211?
False
Is 30 a factor of 20823?
False
Does 13 divide 160?
False
Does 34 divide 10813?
False
Is 24765 a multiple of 195?
True
Is 59 a factor of 11504?
False
Is 102 a factor of 54162?
True
Is 11 a factor of 387?
False
Does 10 divide 348?
False
Is 24 a factor of 4128?
True
Is 1495 a multiple of 34?
False
Is 129 a factor of 7492?
False
Does 116 divide 521?
False
Does 26 divide 1640?
False
Is 98 a factor of 17836?
True
Is 28 a factor of 7166?
False
Is 64 a factor of 800?
False
Does 4 divide 1044?
True
Does 2 divide 50?
True
Is 2985 a multiple of 15?
True
Does 9 divide 517?
False
Is 11 a factor of 354?
False
Is 29 a factor of 3277?
True
Is 28 a factor of 2940?
True
Is 18 a factor of 28?
False
Is 167 a factor of 3630?
False
Is 17815 a multiple of 7?
True
Is 17 a factor of 37111?
True
Does 29 divide 1504?
False
Does 18 divide 460?
False
Is 18 a factor of 21006?
True
Is 668 a multiple of 87?
False
Is 19704 a multiple of 12?
True
Is 69492 a multiple of 12?
True
Does 9 divide 41123?
False
Is 233 a multiple of 45?
False
Is 2064 a multiple of 5?
False
Does 5 divide 80?
True
Is 16 a factor of 241?
False
Is 462 a multiple of 12?
False
Is 4 a factor of 824?
True
Is 15 a factor of 31605?
True
Does 7 divide 224?
True
Is 14 a factor of 909?
False
Is 638 a multiple of 10?
False
Is 9480 a multiple of 30?
True
Is 175 a multiple of 5?
True
Does 42 divide 33348?
True
Is 14 a factor of 959?
False
Does 68 divide 739?
False
Does 51 divide 29702?
False
Is 3408 a multiple of 7?
False
Is 11 a factor of 20891?
False
Does 3 divide 7752?
True
Is 32 a factor of 544?
True
Does 13 divide 481?
True
Is 1709 a multiple of 24?
False
Is 146 a factor of 146?
True
Is 49 a factor of 83251?
True
Is 25 a factor of 257?
False
Is 439 a factor of 119669?
False
Does 25 divide 6458?
False
Is 216 a multiple of 12?
True
Is 77814 a multiple of 198?
True
Is 17 a factor of 6716?
False
Is 18 a factor of 870?
False
Is 93 a factor of 2511?
True
Is 3 a fa